
-53
What is the value of -3 + (7 - -5) - 28 - (12 + 2)?
-33
What is (5 - ((-8 - 4) + 1)) + (-20 - -33) + -175?
-146
846 + -759 + (-183 - 4)
-100
What is the value of 16 + (2 - -23) + -27 + -25 + 36?
25
Calculate 3 + -1 + 1 + -17 - -13.
-1
Calculate -23 + (-22 - (-39 - -43 - 30)).
-19
What is the value of 12 - 1 - (-27 + 58 - (64 + -6))?
38
-65 + -1 + -2 + 6 - (-8 + -5 + 20)
-69
Evaluate -9 + 19 - (4 + -9 - -7 - -11 - -63).
-66
Calculate (57 - 88) + 0 + 7 + 2 + -4.
-26
What is the value of 5 + -5 + 5 + -154 - ((3 - -81) + -81)?
-152
Calculate (23 - 19) + -16 + 0 + 17 - 15.
-10
Evaluate -76 - (-35 + 24) - -24 - -1.
-40
What is 0 - (-44 - -79) - (3 - -7)?
-45
What is (-13 - 341) + 236 - (2 - -15)?
-135
What is the value of 1 + 25 + (2488 - 2528)?
-14
Calculate (-9 - 2 - 1) + (96 - 94).
-10
-5 + 4 - -59 - (1 + (17 + -8 - 11))
59
Evaluate 7 - (-1 - -6 - (382 + -356)).
28
What is -28 + (-1 - (12 + -14 + 7)) + 20?
-14
Calculate (23 - (55 - 23) - 30) + (2 - (0 - 0)).
-37
What is -48 + (-34 - -12 - -41) + -11?
-40
What is -158 + 108 - (0 + -5 + 12 + -5)?
-52
Evaluate (-5 - -9) + -7 + (4 - 12 - -9) - 31.
-33
(0 - -6 - ((2 - -18) + -13)) + 22 + 55
76
-76 - 0 - (-19 + (-5 + -8 - -17))
-61
52 + (-44 - 3) + -37
-32
What is the value of (-1 + -1 - -2) + (16 - (0 + (-24 - -42)))?
-2
(-8 - (16 + -50 + 29)) + -42
-45
What is the value of (-1 - 0) + -36 + -1749 + 1727?
-59
What is the value of -103 - ((23 - -93 - 120) + (0 - 2))?
-97
What is 16 + -29 + 52 + -26?
13
What is the value of 59 + (-111 - -27) + 109?
84
Calculate -184 - (0 + -64 + (-23 - -46)).
-143
What is (49 - 32) + -24 - -15?
8
Evaluate (-43 + 24 - -54) + 35 + -20.
50
Calculate -14 - (0 + 0 - 2) - (-1326 - -1255).
59
Evaluate 6 - (-12 + (13 - -51 - (-4 + (1 - 4)))).
-53
What is -154 + (8 - (-1 + -1) - (34 - 38))?
-140
Evaluate -42 + -28 - -79 - -11.
20
Evaluate (-156 - -140) + (39 - (-2 + 6)).
19
-5 + 0 + 2 - (15 + (-58 - -4) + -3)
39
13 + -129 + (69 - 2)
-49
54 + (13 - 15) + (-4 - (-4 + (-1 - -2)))
51
What is (-6 - (21 + -19) - -16) + -41?
-33
What is (-1 - -4) + -31 + -13 + 0 + (25 - 27)?
-43
-1 + (-1 - 18 - ((2 - -30) + -33))
-19
What is the value of -19 - (18 - -4 - 45)?
4
What is 18 - 175 - -26 - -58?
-73
What is the value of 0 - (156 - 84) - 18?
-90
Evaluate (20 - (14 + -21 + 26)) + -49.
-48
What is -5 + 1 + -15 + (-29 + 16 - (-11 - -11))?
-32
Calculate 86 + -142 - (-20 + 0) - -11.
-25
Calculate (0 - (-5 + -20) - (-51 - -102)) + -21.
-47
Evaluate 19 - 28 - (1 - (-22 - -10)) - -19.
-3
-38 - (50 + 48 + -172)
36
Calculate (0 - -10) + -3 + 72 + (-2 - 7).
70
Calculate 9 - (-4 + 12 + -16 + -9).
26
What is 1 + 50 + -25 + -24 + 47?
49
What is -44 - (-40 + 10 - -19)?
-33
What is the value of 22 + -20 + -48 + 28 + (-66 - -10)?
-74
1 + -1 + -21 - (379 - 374)
-26
Calculate (22 - -52) + -66 - -1.
9
Evaluate -94 - ((0 - 1) + 3) - (-2859 + 2837).
-74
Evaluate -5 - (-15 - -5 - (1 + -6 + (6 - 2))).
4
What is the value of 31 + (32 + -114 - -20)?
-31
What is 18 - (-1 - (0 + -3 - (21 - 87)))?
82
What is (-12 - (-7 + 31)) + -8 - 7?
-51
What is the value of -2 - (30 + (-92 - -97))?
-37
What is the value of (209 - 209) + (6 - 2 - 6 - (4 + -1))?
-5
Calculate -4 - (2 - -16 - (-25 - (-10 + -12))).
-25
What is (21 + -68 - -78) + -3 + 7?
35
(-5 - -23 - (7 + (14 - 6))) + 47 - -4
54
What is the value of 2 - 6 - (49 + -25 + -46)?
18
What is 33 - (18 + (-6 + -20 + 14 - 0))?
27
1 + 32 + -2 + (-37 - -8 - -19)
21
What is -93 + -3 + -3 - (17 + (-58 - -27))?
-85
Calculate 17 + -15 + 6 + -10 + 11.
9
What is the value of 442 - 447 - (-105 + (5 - 0) + -3 + -3)?
101
What is the value of -34 + -8 + (-14 + (-1 - -10) - -28)?
-19
Calculate -1 - ((10 - (7 - (1 - -3))) + 13).
-21
What is the value of (61 - 64 - (-12 + -3 - -2)) + -56?
-46
Calculate -84 + (53 - 37) - (23 - 56).
-35
Evaluate 13 + -34 + 33 + -13 + -5 + -2.
-8
Evaluate -48 + 70 - (98 + -10 + -4).
-62
Evaluate (-2 - -3) + (-7 - -11 - (-13 + 0 + -5)).
23
28 - (-50 + (114 - 102))
66
What is (-120 - -1) + (-190 - (75 + -308))?
-76
What is (-22 - -1) + (-17 + 16 - 11)?
-33
Evaluate (-128 - (29 + -111)) + 103.
57
What is -39 - (29 + -27 + (25 - 28))?
-38
What is -31 - (-26 + 28) - -50?
17
2 - (21 - ((16 - 19) + -5 - 73))
-100
Calculate 77 - (1 + 1) - (-284 + 305).
54
Calculate (-18 - 36) + -4 + 86.
28
-8 + (41 - 20) - (30 + 1 + -1)
-17
-1 + (0 + 7 - 22 - (-6 - 44))
34
9 + (-36 + -25 - -31) - (-129 - 4)
112
What is the value of 62 - (-20 + (219 - 69))?
-68
Evaluate 7 + 14 + -27 + 13 + 15.
22
What is the value of 26 + (-22 - -29) - -2?
35
9 + (65 - -61) + -73
62
Evaluate 61 + (-12 - 2 - (140 - 134)).
41
What is -35 + 4 - -19 - 4 - -31?
15
Calculate (22 - 19) + 770 + -674.
99
13 + 16 + -42 + 20 + -23 + 0
-16
11 - ((-53 - -63) + 53 + (-1 - -16))
-67
(3 + -16 + 4 - (-150 - -51) - -10) + 3
103
What is the value of 34 - (-39 + 79 + 9)?
-15
What is (26 + -69 - -32 - -11) + 7?
7
What is the value of -128 + (344 - 108) - -2?
110
12 + (-35 - -18 - -30) - -9
34
Calculate -226 + 259 + (0 - 21).
12
Evaluate (0 - -29) + -1457 + 1426 + -59.
-61
(-1 - 2) + 13 - (21 + (-30 - 13))
32
Calculate 7 + 24 + (3 - 5) - (-47 + 58).
18
What is the value of -3 + 1 - -3 - (3007 + -3002)?
-4
What is (-3 - -1) + -2 + 11 - (-166 + 79 + 90)?
4
Calculate -47 + (67 - 44) - -19.
-5
Evaluate 42 - 49 - (-33 - -14) - -9.
21
Evaluate 4 - -13 - 102 - -64.
-21
Evaluate (0 - -4) + (-26 - 2) + -22.
-46
What is the value of (-72 - -14) + 6 - (2 - -17)?
-71
What is 61 + 12 - (17 + -5 - 8)?
69
What is 140 + -135 - (45 + 1)?
-41
Evaluate (13 + -16 + (-12 - -24) - 1) + 1.
9
Calculate 56 + (-3 - 25) - 10.
18
22 - (23 - (1 - 29)) - -40
11
125 - 143 - (-6 + 7 - 28)
9
-20 + (-30 - (3 + 4)) + 1
-56
What is the value of -40 - (-43 + 0 + 23 + -112)?
92
(-1 - 14) + (-38 + 61 - (-26 + 7))
27
-72 - (8 + -4 - (-6 - -8 - 4 - -4))
-74
Calculate (2 - 6 - 1) + (92 - (-5 - -4) - 9).
79
What is the value of -38 + (-15 - -10 - -24) + -9?
-28
-30 - (-50 + 11 + 6)
3
What is 6 - (-9 + -6) - -8 - 3 - 18?
8
Evaluate 46 + -26 + -17 + -13 - ((-4 - -2) + -65).
57
What is -2 + -8 + 0 - (13 - (-9 - -56))?
24
What is the value of (1 - 3 - -46) + (-165 - -79) + 83?
41
What is the value of (-23 + (-20 - -23) - (3 + 40)) + (0 - -1)?
-62
47 - (-2 + -7 + 51) - (12 - 1)
-6
Calculate -19 + -52 + 28 + (0 - -2) + -10 + 16.
-35
(-2 - 3) + 13 + -14 + 17 + -15
-4
Calculate -4778 + 4803 - (1 - (0 - (0 + -2))).
26
What is the value of 0 - 79 - ((-41 - (-46 - 1)) + -18)?
-67
12 + -3 - 40 - -30
-1
What is (-66 - -23 - -22) + 53 - (-11 + 4 + -2)?
41
What is the value of (0 + 1 - 2) + -58 + -130 + (149 - 8)?
-48
What is the value of 13 + -2 - (-25 + (42 - 10))?
4
-16 + -4 + 23 - 35 - (1 + 1)
-34
Evaluate (-10 - (-8 + -4 + -10)) + -12 + -42.
-42
130 + (-7 - (-18 + 22)) + -2 + -5
112
What is -2 + 2 + 11 - (-119 - (-154 - -87))?
63
What is the value of (3 - 32 - (15 + -15)) + (-10 + 3 - -16)?
-20
What is the value of 13 - (14 + -24 - -13) - (53 + 4)?
-47
Calculate -53 + -4 + 35 + -47 + 1 + 15.
-53
Calculate -6 - (1400 + -1454 - (17 - 2 - (-1 + 2))).
62
Evaluate (6 - 1 - (200 - 207)) + -103.
-91
What is the value of -93 + (162 - 111) + -22?
-64
-9 - (-6 - 38) - (49 + -1)
-13
What is -2 - -20 - (2925 + -2940 + 10 + -2 + 2)?
23
Calculate -23 - (-29 - 58) - 19.
45
What is -30 - (1 - (-23 + 28)) - 2?
-28
What is the value of (29 - 17) + -42 + -8 + -113?
-151
Calculate -89 + -95 + (255 - -2).
73
What is the value of -28 - (31 + (15 - 21) + -79)?
26
What is -74 - ((3 - 4) + 5 - 11 - (-395 + 389))?
-73
What is the value of 21 + (-12 + -32 - (1 - -6))?
-30
What is the value of -22 - (3 - 60 - (43 - (5 - -30)))?
43
((6 - -2) + -21 - -5) + 15 + (9 - 22)
-6
Calculate 11 + -216 + 153 - (-1 - 8).
-43
What is 63 - (155 - 53 - 55)?
16
Calculate -96 + 30 + -12 + 2 + -19 + 2.
-93
3 - (-7 - -6 - 4) - (-152 - -131)
29
What is (2 - -6) + (600 - 592)?
16
What is (31 - (66 - 9)) + 3 + 2?
-21
15 - (7 - (12 + -6 + 26 + -15))
25
Calculate 29 - (-20 + 5 + 6 + 7).
31
Calculate (4 - 6 - 6) + 21 + (-10 - 9).
-6
Evaluate (-101 - (-44 + -55)) + -2 + 1 + 61 + 2.
60
50 - (-42 + 32 + 31)
29
Calculate 30 - ((31 - (64 - 22)) + -1 + -2 + 25).
19
Evaluate (-19 + 33 - (0 - -14)) + (-6 - -5).
-1
Calculate (15 - (43 + -15)) + 19 + -19.
-13
Calculate -103 + 4 + (-124 - -187).
-36
Evaluate (25 - ((-16 - -37) + 20)) 